{"id":1356,"date":"2023-01-09T10:33:09","date_gmt":"2023-01-09T13:33:09","guid":{"rendered":"http:\/\/ipasma.go.gov.br\/site\/?page_id=1356"},"modified":"2023-03-22T19:27:57","modified_gmt":"2023-03-22T22:27:57","slug":"licitacoes","status":"publish","type":"page","link":"http:\/\/ipasma.go.gov.br\/site\/licitacoes\/","title":{"rendered":"Licita\u00e7\u00f5es"},"content":{"rendered":"\n<h2 class=\"wp-block-heading\" id=\"mce_0\">Dispensa 001\/2023 &#8211; Contrata\u00e7\u00e3o de servi\u00e7os de engenharia para elabora\u00e7\u00e3o de projeto.<\/h2>\n\n\n\n<p><strong>O INSTITUTO DE PREVID\u00caNCIA E ASSIST\u00caNCIA DOS SERVIDORES DO MUNIC\u00cdPIO DE ACRE\u00daNA &#8211; IPASMA, <\/strong>Inscrito no CNPJ N\u00ba 05.054.229\/0001-22, com sede \u00e0 Avenida Corumb\u00e1, Qd. 63-C, Lotes 01 e 02, Centro, Acre\u00fana \u2013 GO, por interm\u00e9dio do Agente de Contrata\u00e7\u00e3o, torna p\u00fablico que, realizar\u00e1 Chamada P\u00fablica, com crit\u00e9rio de julgamento <strong>MENOR PRE\u00c7O POR ITEM, <\/strong>nos termos Artigo n\u00ba 75, inciso II da Lei 14.133\/2021, objetivando obter a melhor proposta, observadas as datas e hor\u00e1rios discriminados a seguir: <br><\/p>\n\n\n\n<table class=\"wp-block-table\"><tbody><tr><td><strong>PUBLICA\u00c7\u00c3O<\/strong><\/td><td><strong>DIA 09\/01\/2023<\/strong><\/td><\/tr><tr><td><strong>DATA LIMITE PARA APRESENTA\u00c7\u00c3O<\/strong><br><strong>DA<\/strong> <strong>PROPOSTA E DOCUMENTA\u00c7\u00c3O:<\/strong>   <\/td><td><strong><em>DIA   12\/01\/2023<\/em><\/strong><br><strong><em>\u00c0S 17:00   HORAS<\/em><\/strong>   <\/td><\/tr><tr><td><strong>REFER\u00caNCIAS DE HOR\u00c1RIO:<\/strong>   <\/td><td>HOR\u00c1RIO DE<br>BRAS\u00cdLIA-DF   <\/td><\/tr><tr><td><strong>ENDERE\u00c7O ELETR\u00d4NICO PARA ENVIO<\/strong><br><strong>DA<\/strong>  <strong>PROPOSTA E DOCUMENTA\u00c7\u00c3O:<\/strong>   <\/td><td>ipasma@ipasma.go.gov.br   <\/td><\/tr><\/tbody><\/table>\n\n\n\n<h2 class=\"wp-block-heading\" id=\"mce_0\">Dispensa 002\/2023 &#8211; Contrata\u00e7\u00e3o de Empresa especializada para presta\u00e7\u00e3o de servi\u00e7o Assessoria e Consultoria T\u00e9cnica Previdenci\u00e1ria para o IPASMA.<\/h2>\n\n\n\n<p><strong>O INSTITUTO DE PREVID\u00caNCIA E ASSIST\u00caNCIA DOS SERVIDORES DO MUNIC\u00cdPIO DE ACRE\u00daNA &#8211; IPASMA, <\/strong>Inscrito no CNPJ N\u00ba 05.054.229\/0001-22, com sede \u00e0 Avenida Corumb\u00e1, Qd. 63-C, Lotes 01 e 02, Centro, Acre\u00fana \u2013 GO, por interm\u00e9dio do Agente de Contrata\u00e7\u00e3o, torna p\u00fablico que, realizar\u00e1 Chamada P\u00fablica, com crit\u00e9rio de julgamento <strong>MENOR PRE\u00c7O POR ITEM, <\/strong>nos termos Artigo n\u00ba 75, inciso II da Lei 14.133\/2021, objetivando obter a melhor proposta, observadas as datas e hor\u00e1rios discriminados a seguir: <br><\/p>\n\n\n\n<table class=\"wp-block-table\"><tbody><tr><td> <strong>PUBLICA\u00c7\u00c3O<\/strong> <\/td><td><strong>DIA 20\/01\/2023<\/strong><\/td><\/tr><tr><td><strong>DATA LIMITE PARA APRESENTA\u00c7\u00c3O<\/strong><br><strong>DA<\/strong> <strong>PROPOSTA E DOCUMENTA\u00c7\u00c3O:<\/strong>   <\/td><td><strong><em>DIA   25\/01\/2023<\/em><\/strong><br><strong><em>\u00c0S 17:00   HORAS<\/em><\/strong>   <\/td><\/tr><tr><td><strong>REFER\u00caNCIAS DE HOR\u00c1RIO:<\/strong>   <\/td><td>HOR\u00c1RIO DE<br>BRAS\u00cdLIA-DF   <\/td><\/tr><tr><td><strong>ENDERE\u00c7O ELETR\u00d4NICO PARA ENVIO<\/strong><br><strong>DA<\/strong>  <strong>PROPOSTA E DOCUMENTA\u00c7\u00c3O:<\/strong>   <\/td><td>ipasma@ipasma.go.gov.br   <\/td><\/tr><tr><td><strong>STATUS<\/strong><\/td><td><strong>CANCELADA<\/strong><\/td><\/tr><\/tbody><\/table>\n\n\n\n<h2 class=\"wp-block-heading\" id=\"mce_0\">Dispensa 003\/2023 &#8211;  Contrata\u00e7\u00e3o de Empresa especializada para fornecimento de g\u00eaneros de alimenta\u00e7\u00e3o, materiais de copa e cozinha, e limpeza para o IPASMA.<\/h2>\n\n\n\n<p><strong>O INSTITUTO DE PREVID\u00caNCIA E ASSIST\u00caNCIA DOS SERVIDORES DO MUNIC\u00cdPIO DE ACRE\u00daNA &#8211; IPASMA, <\/strong>Inscrito no CNPJ N\u00ba 05.054.229\/0001-22, com sede \u00e0 Avenida Corumb\u00e1, Qd. 63-C, Lotes 01 e 02, Centro, Acre\u00fana \u2013 GO, por interm\u00e9dio do Agente de Contrata\u00e7\u00e3o, torna p\u00fablico que, realizar\u00e1 Chamada P\u00fablica, com crit\u00e9rio de julgamento <strong>MENOR PRE\u00c7O POR ITEM, <\/strong>nos termos Artigo n\u00ba 75, inciso II da Lei 14.133\/2021, objetivando obter a melhor proposta, observadas as datas e hor\u00e1rios discriminados a seguir: <br><\/p>\n\n\n\n<table class=\"wp-block-table\"><tbody><tr><td><strong>PUBLICA\u00c7\u00c3O<\/strong><\/td><td><strong>DIA&nbsp;22\/03\/2023<\/strong><\/td><\/tr><tr><td><strong>DATA LIMITE PARA APRESENTA\u00c7\u00c3O<\/strong><br><strong>DA<\/strong> <strong>PROPOSTA E DOCUMENTA\u00c7\u00c3O:<\/strong>   <\/td><td><strong><em>DIA   27\/03\/2023<\/em><\/strong><br><strong><em>\u00c0S 17:00   HORAS<\/em><\/strong>   <\/td><\/tr><tr><td><strong>REFER\u00caNCIAS DE HOR\u00c1RIO:<\/strong>   <\/td><td>HOR\u00c1RIO DE<br>BRAS\u00cdLIA-DF   <\/td><\/tr><tr><td><strong>ENDERE\u00c7O ELETR\u00d4NICO PARA ENVIO<\/strong><br><strong>DA<\/strong>  <strong>PROPOSTA E DOCUMENTA\u00c7\u00c3O:<\/strong>   <\/td><td>ipasma@ipasma.go.gov.br   <\/td><\/tr><\/tbody><\/table>\n\n\n\n<ul><li><a href=\"http:\/\/ipasma.go.gov.br\/site\/wp-content\/uploads\/2023\/03\/Edital-de-dispensa.pdf\">Edital<\/a><\/li><\/ul>\n\n\n\n<h2 class=\"wp-block-heading\" id=\"mce_0\">Dispensa 004\/2023 &#8211;  Contrata\u00e7\u00e3o de empresa especializada em servi\u00e7os de suporte t\u00e9cnico na folha de pagamento, gera\u00e7\u00e3o, an\u00e1lise, aferi\u00e7\u00e3o e transmiss\u00e3o de dados.<\/h2>\n\n\n\n<p><strong>O INSTITUTO DE PREVID\u00caNCIA E ASSIST\u00caNCIA DOS SERVIDORES DO MUNIC\u00cdPIO DE ACRE\u00daNA &#8211; IPASMA, <\/strong>Inscrito no CNPJ N\u00ba 05.054.229\/0001-22, com sede \u00e0 Avenida Corumb\u00e1, Qd. 63-C, Lotes 01 e 02, Centro, Acre\u00fana \u2013 GO, por interm\u00e9dio do Agente de Contrata\u00e7\u00e3o, torna p\u00fablico que, realizar\u00e1 Chamada P\u00fablica, com crit\u00e9rio de julgamento <strong>MENOR PRE\u00c7O POR ITEM, <\/strong>nos termos Artigo n\u00ba 75, inciso II da Lei 14.133\/2021, objetivando obter a melhor proposta, observadas as datas e hor\u00e1rios discriminados a seguir: <br><\/p>\n\n\n\n<table class=\"wp-block-table\"><tbody><tr><td><strong>PUBLICA\u00c7\u00c3O<\/strong><\/td><td><strong>DIA 22\/03\/2023<\/strong><\/td><\/tr><tr><td><strong>DATA LIMITE PARA APRESENTA\u00c7\u00c3O<\/strong><br><strong>DA<\/strong> <strong>PROPOSTA E DOCUMENTA\u00c7\u00c3O:<\/strong>   <\/td><td><strong><em>DIA   27\/03\/2023<\/em><\/strong><br><strong><em>\u00c0S 17:00   HORAS<\/em><\/strong>   <\/td><\/tr><tr><td><strong>REFER\u00caNCIAS DE HOR\u00c1RIO:<\/strong>   <\/td><td>HOR\u00c1RIO DE<br>BRAS\u00cdLIA-DF   <\/td><\/tr><tr><td><strong>ENDERE\u00c7O ELETR\u00d4NICO PARA ENVIO<\/strong><br><strong>DA<\/strong>  <strong>PROPOSTA E DOCUMENTA\u00c7\u00c3O:<\/strong>   <\/td><td>ipasma@ipasma.go.gov.br   <\/td><\/tr><\/tbody><\/table>\n\n\n\n<ul><li><a href=\"http:\/\/ipasma.go.gov.br\/site\/wp-content\/uploads\/2023\/03\/Edital-de-dispensa-004.pdf\" target=\"_blank\" rel=\"noreferrer noopener\" aria-label=\" (abre em uma nova aba)\">Edital<\/a><\/li><\/ul>\n\n\n\n<h2 class=\"wp-block-heading\" id=\"mce_0\">Dispensa 005\/2023 &#8211;  Contrata\u00e7\u00e3o de empresa especializada em Sistema software de gest\u00e3o p\u00fablica para atender as necessidades do IPASMA.<\/h2>\n\n\n\n<p><strong>O INSTITUTO DE PREVID\u00caNCIA E ASSIST\u00caNCIA DOS SERVIDORES DO MUNIC\u00cdPIO DE ACRE\u00daNA &#8211; IPASMA, <\/strong>Inscrito no CNPJ N\u00ba 05.054.229\/0001-22, com sede \u00e0 Avenida Corumb\u00e1, Qd. 63-C, Lotes 01 e 02, Centro, Acre\u00fana \u2013 GO, por interm\u00e9dio do Agente de Contrata\u00e7\u00e3o, torna p\u00fablico que, realizar\u00e1 Chamada P\u00fablica, com crit\u00e9rio de julgamento <strong>MENOR PRE\u00c7O POR ITEM, <\/strong>nos termos Artigo n\u00ba 75, inciso II da Lei 14.133\/2021, objetivando obter a melhor proposta, observadas as datas e hor\u00e1rios discriminados a seguir: <br><\/p>\n\n\n\n<table class=\"wp-block-table\"><tbody><tr><td><strong>PUBLICA\u00c7\u00c3O<\/strong><\/td><td><strong>DIA&nbsp;22\/03\/2023<\/strong><\/td><\/tr><tr><td><strong>DATA LIMITE PARA APRESENTA\u00c7\u00c3O<\/strong><br><strong>DA<\/strong> <strong>PROPOSTA E DOCUMENTA\u00c7\u00c3O:<\/strong>   <\/td><td><strong><em>DIA   27\/03\/2023<\/em><\/strong><br><strong><em>\u00c0S 17:00   HORAS<\/em><\/strong>   <\/td><\/tr><tr><td><strong>REFER\u00caNCIAS DE HOR\u00c1RIO:<\/strong>   <\/td><td>HOR\u00c1RIO DE<br>BRAS\u00cdLIA-DF   <\/td><\/tr><tr><td><strong>ENDERE\u00c7O ELETR\u00d4NICO PARA ENVIO<\/strong><br><strong>DA<\/strong>  <strong>PROPOSTA E DOCUMENTA\u00c7\u00c3O:<\/strong>   <\/td><td>ipasma@ipasma.go.gov.br   <\/td><\/tr><\/tbody><\/table>\n\n\n\n<ul><li><a href=\"http:\/\/ipasma.go.gov.br\/site\/wp-content\/uploads\/2023\/03\/Edital-de-dispensa-005.pdf\" target=\"_blank\" rel=\"noreferrer noopener\" aria-label=\"Edital (abre em uma nova aba)\">Edital<\/a><\/li><\/ul>\n\n\n\n<h2 class=\"wp-block-heading\" id=\"mce_0\">Dispensa 006\/2023 &#8211;  Contrata\u00e7\u00e3o de empresa especializada em servi\u00e7os t\u00e9cnicos em consultoria de investimentos para o IPASMA.<\/h2>\n\n\n\n<p><strong>O INSTITUTO DE PREVID\u00caNCIA E ASSIST\u00caNCIA DOS SERVIDORES DO MUNIC\u00cdPIO DE ACRE\u00daNA &#8211; IPASMA, <\/strong>Inscrito no CNPJ N\u00ba 05.054.229\/0001-22, com sede \u00e0 Avenida Corumb\u00e1, Qd. 63-C, Lotes 01 e 02, Centro, Acre\u00fana \u2013 GO, por interm\u00e9dio do Agente de Contrata\u00e7\u00e3o, torna p\u00fablico que, realizar\u00e1 Chamada P\u00fablica, com crit\u00e9rio de julgamento <strong>MENOR PRE\u00c7O POR ITEM, <\/strong>nos termos Artigo n\u00ba 75, inciso II da Lei 14.133\/2021, objetivando obter a melhor proposta, observadas as datas e hor\u00e1rios discriminados a seguir: <br><\/p>\n\n\n\n<table class=\"wp-block-table\"><tbody><tr><td><strong>PUBLICA\u00c7\u00c3O<\/strong><\/td><td><strong>DIA&nbsp;22\/03\/2023<\/strong><\/td><\/tr><tr><td><strong>DATA LIMITE PARA APRESENTA\u00c7\u00c3O<\/strong><br><strong>DA<\/strong> <strong>PROPOSTA E DOCUMENTA\u00c7\u00c3O:<\/strong>   <\/td><td><strong><em>DIA   27\/03\/2023<\/em><\/strong><br><strong><em>\u00c0S 17:00   HORAS<\/em><\/strong>   <\/td><\/tr><tr><td><strong>REFER\u00caNCIAS DE HOR\u00c1RIO:<\/strong>   <\/td><td>HOR\u00c1RIO DE<br>BRAS\u00cdLIA-DF   <\/td><\/tr><tr><td><strong>ENDERE\u00c7O ELETR\u00d4NICO PARA ENVIO<\/strong><br><strong>DA<\/strong>  <strong>PROPOSTA E DOCUMENTA\u00c7\u00c3O:<\/strong>   <\/td><td>ipasma@ipasma.go.gov.br   <\/td><\/tr><\/tbody><\/table>\n\n\n\n<ul><li><a href=\"http:\/\/ipasma.go.gov.br\/site\/wp-content\/uploads\/2023\/03\/Edital-de-dispensa-006.pdf\" target=\"_blank\" rel=\"noreferrer noopener\" aria-label=\"Edital (abre em uma nova aba)\">Edital<\/a><\/li><\/ul>\n\n\n\n<h2 class=\"wp-block-heading\" id=\"mce_0\">Dispensa 007\/2023 &#8211;  Contrata\u00e7\u00e3o de empresa especializada para fornecimento de internet.<\/h2>\n\n\n\n<p><strong>O INSTITUTO DE PREVID\u00caNCIA E ASSIST\u00caNCIA DOS SERVIDORES DO MUNIC\u00cdPIO DE ACRE\u00daNA &#8211; IPASMA, <\/strong>Inscrito no CNPJ N\u00ba 05.054.229\/0001-22, com sede \u00e0 Avenida Corumb\u00e1, Qd. 63-C, Lotes 01 e 02, Centro, Acre\u00fana \u2013 GO, por interm\u00e9dio do Agente de Contrata\u00e7\u00e3o, torna p\u00fablico que, realizar\u00e1 Chamada P\u00fablica, com crit\u00e9rio de julgamento <strong>MENOR PRE\u00c7O POR ITEM, <\/strong>nos termos Artigo n\u00ba 75, inciso II da Lei 14.133\/2021, objetivando obter a melhor proposta, observadas as datas e hor\u00e1rios discriminados a seguir: <br><\/p>\n\n\n\n<table class=\"wp-block-table\"><tbody><tr><td><strong>PUBLICA\u00c7\u00c3O<\/strong><\/td><td><strong>DIA&nbsp;22\/03\/2023<\/strong><\/td><\/tr><tr><td><strong>DATA LIMITE PARA APRESENTA\u00c7\u00c3O<\/strong><br><strong>DA<\/strong> <strong>PROPOSTA E DOCUMENTA\u00c7\u00c3O:<\/strong>   <\/td><td><strong><em>DIA   27\/03\/2023<\/em><\/strong><br><strong><em>\u00c0S 17:00   HORAS<\/em><\/strong>   <\/td><\/tr><tr><td><strong>REFER\u00caNCIAS DE HOR\u00c1RIO:<\/strong>   <\/td><td>HOR\u00c1RIO DE<br>BRAS\u00cdLIA-DF   <\/td><\/tr><tr><td><strong>ENDERE\u00c7O ELETR\u00d4NICO PARA ENVIO<\/strong><br><strong>DA<\/strong>  <strong>PROPOSTA E DOCUMENTA\u00c7\u00c3O:<\/strong>   <\/td><td>ipasma@ipasma.go.gov.br   <\/td><\/tr><\/tbody><\/table>\n\n\n\n<ul><li><a href=\"http:\/\/ipasma.go.gov.br\/site\/wp-content\/uploads\/2023\/03\/Edital-de-dispensa-007.pdf\" target=\"_blank\" rel=\"noreferrer noopener\" aria-label=\"Edital (abre em uma nova aba)\">Edital<\/a><\/li><\/ul>\n\n\n\n<h2 class=\"wp-block-heading\" id=\"mce_0\">Dispensa 008\/2023 &#8211;  Contrata\u00e7\u00e3o de Empresa especializada para presta\u00e7\u00e3o de servi\u00e7o Assessoria e Consultoria T\u00e9cnica Previdenci\u00e1ria para o IPASMA . <\/h2>\n\n\n\n<p><strong>O INSTITUTO DE PREVID\u00caNCIA E ASSIST\u00caNCIA DOS SERVIDORES DO MUNIC\u00cdPIO DE ACRE\u00daNA &#8211; IPASMA, <\/strong>Inscrito no CNPJ N\u00ba 05.054.229\/0001-22, com sede \u00e0 Avenida Corumb\u00e1, Qd. 63-C, Lotes 01 e 02, Centro, Acre\u00fana \u2013 GO, por interm\u00e9dio do Agente de Contrata\u00e7\u00e3o, torna p\u00fablico que, realizar\u00e1 Chamada P\u00fablica, com crit\u00e9rio de julgamento <strong>MENOR PRE\u00c7O POR ITEM, <\/strong>nos termos Artigo n\u00ba 75, inciso II da Lei 14.133\/2021, objetivando obter a melhor proposta, observadas as datas e hor\u00e1rios discriminados a seguir: <br><\/p>\n\n\n\n<table class=\"wp-block-table\"><tbody><tr><td><strong>PUBLICA\u00c7\u00c3O<\/strong><\/td><td><strong>DIA&nbsp;22\/03\/2023<\/strong><\/td><\/tr><tr><td><strong>DATA LIMITE PARA APRESENTA\u00c7\u00c3O<\/strong><br><strong>DA<\/strong> <strong>PROPOSTA E DOCUMENTA\u00c7\u00c3O:<\/strong>   <\/td><td><strong><em>DIA   27\/03\/2023<\/em><\/strong><br><strong><em>\u00c0S 17:00   HORAS<\/em><\/strong>   <\/td><\/tr><tr><td><strong>REFER\u00caNCIAS DE HOR\u00c1RIO:<\/strong>   <\/td><td>HOR\u00c1RIO DE<br>BRAS\u00cdLIA-DF   <\/td><\/tr><tr><td><strong>ENDERE\u00c7O ELETR\u00d4NICO PARA ENVIO<\/strong><br><strong>DA<\/strong>  <strong>PROPOSTA E DOCUMENTA\u00c7\u00c3O:<\/strong>  <\/td><td>ipasma@ipasma.go.gov.br   <\/td><\/tr><\/tbody><\/table>\n\n\n\n<ul><li><a href=\"http:\/\/ipasma.go.gov.br\/site\/wp-content\/uploads\/2023\/03\/Edital-de-dispensa-008.pdf\">Edital<\/a><\/li><\/ul>\n","protected":false},"excerpt":{"rendered":"<p>Dispensa 001\/2023 &#8211; Contrata\u00e7\u00e3o de servi\u00e7os de engenharia para elabora\u00e7\u00e3o de projeto. O INSTITUTO DE PREVID\u00caNCIA E ASSIST\u00caNCIA DOS SERVIDORES DO MUNIC\u00cdPIO DE ACRE\u00daNA &#8211; IPASMA, Inscrito no CNPJ N\u00ba 05.054.229\/0001-22, com sede \u00e0 Avenida Corumb\u00e1, Qd. 63-C, Lotes 01 e 02, Centro, Acre\u00fana \u2013 GO, por interm\u00e9dio do Agente de Contrata\u00e7\u00e3o, torna p\u00fablico que, [&hellip;]<\/p>\n","protected":false},"author":1,"featured_media":1365,"parent":0,"menu_order":0,"comment_status":"closed","ping_status":"closed","template":"","meta":{"footnotes":""},"_links":{"self":[{"href":"http:\/\/ipasma.go.gov.br\/site\/wp-json\/wp\/v2\/pages\/1356"}],"collection":[{"href":"http:\/\/ipasma.go.gov.br\/site\/wp-json\/wp\/v2\/pages"}],"about":[{"href":"http:\/\/ipasma.go.gov.br\/site\/wp-json\/wp\/v2\/types\/page"}],"author":[{"embeddable":true,"href":"http:\/\/ipasma.go.gov.br\/site\/wp-json\/wp\/v2\/users\/1"}],"replies":[{"embeddable":true,"href":"http:\/\/ipasma.go.gov.br\/site\/wp-json\/wp\/v2\/comments?post=1356"}],"version-history":[{"count":32,"href":"http:\/\/ipasma.go.gov.br\/site\/wp-json\/wp\/v2\/pages\/1356\/revisions"}],"predecessor-version":[{"id":1726,"href":"http:\/\/ipasma.go.gov.br\/site\/wp-json\/wp\/v2\/pages\/1356\/revisions\/1726"}],"wp:featuredmedia":[{"embeddable":true,"href":"http:\/\/ipasma.go.gov.br\/site\/wp-json\/wp\/v2\/media\/1365"}],"wp:attachment":[{"href":"http:\/\/ipasma.go.gov.br\/site\/wp-json\/wp\/v2\/media?parent=1356"}],"curies":[{"name":"wp","href":"https:\/\/api.w.org\/{rel}","templated":true}]}}