{"id":32,"date":"2019-01-20T18:17:16","date_gmt":"2019-01-20T20:17:16","guid":{"rendered":"http:\/\/ipasma.go.gov.br\/web\/?page_id=32"},"modified":"2019-03-28T09:30:32","modified_gmt":"2019-03-28T12:30:32","slug":"historia-do-instituto","status":"publish","type":"page","link":"http:\/\/ipasma.go.gov.br\/site\/historia-do-instituto\/","title":{"rendered":"Hist\u00f3ria do Instituto"},"content":{"rendered":"\n<p style=\"text-align:left\">   O Fundo de Liquidez da Previd\u00eancia Social &#8211; FLPS foi criado no dia 1\u00ba de mar\u00e7o de 1991, atrav\u00e9s da Lei n\u00ba703\/1991, estabelecendo pela primeira vez o regime de previd\u00eancia social aos funcion\u00e1rios do munic\u00edpio de Acre\u00fana.<\/p>\n\n\n\n<div class=\"wp-block-image\"><figure class=\"aligncenter is-resized\"><a href=\"http:\/\/ipasma.go.gov.br\/site\/wp-content\/uploads\/2019\/01\/ipasma-predio.jpg\"><img loading=\"lazy\" decoding=\"async\" src=\"http:\/\/ipasma.go.gov.br\/site\/wp-content\/uploads\/2019\/01\/ipasma-predio-300x85.jpg\" alt=\"\" class=\"wp-image-296\" width=\"497\" height=\"141\" srcset=\"http:\/\/ipasma.go.gov.br\/site\/wp-content\/uploads\/2019\/01\/ipasma-predio-300x85.jpg 300w, http:\/\/ipasma.go.gov.br\/site\/wp-content\/uploads\/2019\/01\/ipasma-predio-768x217.jpg 768w, http:\/\/ipasma.go.gov.br\/site\/wp-content\/uploads\/2019\/01\/ipasma-predio-1024x289.jpg 1024w, http:\/\/ipasma.go.gov.br\/site\/wp-content\/uploads\/2019\/01\/ipasma-predio.jpg 1920w\" sizes=\"(max-width: 497px) 100vw, 497px\" \/><\/a><figcaption><br>Em 2010, destaca-se a constru\u00e7\u00e3o de uma sede pr\u00f3pria, que atualmente abriga o IPASMA.  <\/figcaption><\/figure><\/div>\n\n\n\n<p style=\"text-align:left\">   Contudo, somente a partir de 1997, atrav\u00e9s da Lei n\u00ba973, foi que o fundo de previd\u00eancia passou a se chamar de IPASMA &#8211; Instituto de Previd\u00eancia e Assist\u00eancia dos Servidores do Munic\u00edpio de Acre\u00fana.<\/p>\n\n\n\n<p style=\"text-align:left\">De l\u00e1 pra c\u00e1, foram realizadas v\u00e1rias modifica\u00e7\u00f5es e adequa\u00e7\u00f5es na legisla\u00e7\u00e3o. A mais recente foi a promulga\u00e7\u00e3o da <a href=\"http:\/\/ipasma.go.gov.br\/site\/wp-content\/uploads\/2019\/01\/lei-1.874-2018.pdf\" target=\"_blank\" rel=\"noreferrer noopener\" aria-label=\"lei n\u00ba1.874\/2018 (abre em uma nova aba)\">lei n\u00ba1.874\/2018<\/a>.<\/p>\n\n\n\n<p><\/p>\n","protected":false},"excerpt":{"rendered":"<p>O Fundo de Liquidez da Previd\u00eancia Social &#8211; FLPS foi criado no dia 1\u00ba de mar\u00e7o de 1991, atrav\u00e9s da Lei n\u00ba703\/1991, estabelecendo pela primeira vez o regime de previd\u00eancia social aos funcion\u00e1rios do munic\u00edpio de Acre\u00fana. Contudo, somente a partir de 1997, atrav\u00e9s da Lei n\u00ba973, foi que o fundo de previd\u00eancia passou a [&hellip;]<\/p>\n","protected":false},"author":1,"featured_media":319,"parent":0,"menu_order":0,"comment_status":"closed","ping_status":"closed","template":"","meta":{"footnotes":""},"_links":{"self":[{"href":"http:\/\/ipasma.go.gov.br\/site\/wp-json\/wp\/v2\/pages\/32"}],"collection":[{"href":"http:\/\/ipasma.go.gov.br\/site\/wp-json\/wp\/v2\/pages"}],"about":[{"href":"http:\/\/ipasma.go.gov.br\/site\/wp-json\/wp\/v2\/types\/page"}],"author":[{"embeddable":true,"href":"http:\/\/ipasma.go.gov.br\/site\/wp-json\/wp\/v2\/users\/1"}],"replies":[{"embeddable":true,"href":"http:\/\/ipasma.go.gov.br\/site\/wp-json\/wp\/v2\/comments?post=32"}],"version-history":[{"count":14,"href":"http:\/\/ipasma.go.gov.br\/site\/wp-json\/wp\/v2\/pages\/32\/revisions"}],"predecessor-version":[{"id":465,"href":"http:\/\/ipasma.go.gov.br\/site\/wp-json\/wp\/v2\/pages\/32\/revisions\/465"}],"wp:featuredmedia":[{"embeddable":true,"href":"http:\/\/ipasma.go.gov.br\/site\/wp-json\/wp\/v2\/media\/319"}],"wp:attachment":[{"href":"http:\/\/ipasma.go.gov.br\/site\/wp-json\/wp\/v2\/media?parent=32"}],"curies":[{"name":"wp","href":"https:\/\/api.w.org\/{rel}","templated":true}]}}

História do Instituto

<p style="text-align:left">   O Fundo de Liquidez da Previdência Social &#8211; FLPS foi criado no dia 1º de março de 1991, através da Lei nº703/1991, estabelecendo pela primeira vez o regime de previdência social aos funcionários do município de Acreúna.</p>



<div class="wp-block-image"><figure class="aligncenter is-resized"><a href="http://ipasma.go.gov.br/site/wp-content/uploads/2019/01/ipasma-predio.jpg"><img loading="lazy" decoding="async" src="http://ipasma.go.gov.br/site/wp-content/uploads/2019/01/ipasma-predio-300x85.jpg" alt="" class="wp-image-296" width="497" height="141" srcset="http://ipasma.go.gov.br/site/wp-content/uploads/2019/01/ipasma-predio-300x85.jpg 300w, http://ipasma.go.gov.br/site/wp-content/uploads/2019/01/ipasma-predio-768x217.jpg 768w, http://ipasma.go.gov.br/site/wp-content/uploads/2019/01/ipasma-predio-1024x289.jpg 1024w, http://ipasma.go.gov.br/site/wp-content/uploads/2019/01/ipasma-predio.jpg 1920w" sizes="(max-width: 497px) 100vw, 497px" /></a><figcaption><br>Em 2010, destaca-se a construção de uma sede própria, que atualmente abriga o IPASMA.  </figcaption></figure></div>



<p style="text-align:left">   Contudo, somente a partir de 1997, através da Lei nº973, foi que o fundo de previdência passou a se chamar de IPASMA &#8211; Instituto de Previdência e Assistência dos Servidores do Município de Acreúna.</p>



<p style="text-align:left">De lá pra cá, foram realizadas várias modificações e adequações na legislação. A mais recente foi a promulgação da <a href="http://ipasma.go.gov.br/site/wp-content/uploads/2019/01/lei-1.874-2018.pdf" target="_blank" rel="noreferrer noopener" aria-label="lei nº1.874/2018 (abre em uma nova aba)">lei nº1.874/2018</a>.</p>



<p></p>

<p>O Fundo de Liquidez da Previdência Social &#8211; FLPS foi criado no dia 1º de março de 1991, através da Lei nº703/1991, estabelecendo pela primeira vez o regime de previdência social aos funcionários do município de Acreúna. Contudo, somente a partir de 1997, através da Lei nº973, foi que o fundo de previdência passou a [&hellip;]</p>
