{"id":423,"date":"2019-02-28T10:12:08","date_gmt":"2019-02-28T13:12:08","guid":{"rendered":"http:\/\/ipasma.go.gov.br\/site\/?page_id=423"},"modified":"2019-11-29T10:39:19","modified_gmt":"2019-11-29T13:39:19","slug":"termo-de-opcao-de-contribuicao-previdenciaria","status":"publish","type":"page","link":"http:\/\/ipasma.go.gov.br\/site\/termo-de-opcao-de-contribuicao-previdenciaria\/","title":{"rendered":"Termo de op\u00e7\u00e3o de contribui\u00e7\u00e3o previdenci\u00e1ria"},"content":{"rendered":"\n<h2 class=\"wp-block-heading\">Legisla\u00e7\u00e3o<\/h2>\n\n\n\n<p>Conforme disposto no art. 14 da&nbsp;<a rel=\"noreferrer noopener\" href=\"http:\/\/ipasma.go.gov.br\/site\/wp-content\/uploads\/2019\/01\/lei-1.874-2018.pdf\" target=\"_blank\">Lei n\u00ba1.874\/2018<\/a>, o servidor efetivo poder\u00e1 optar pela inclus\u00e3o, na base de c\u00e1lculo da contribui\u00e7\u00e3o, as parcelas remunerat\u00f3rias percebidas em decorr\u00eancia de local de trabalho e do exerc\u00edcio de cargo em comiss\u00e3o ou de fun\u00e7\u00e3o comissionada ou gratificada e daquelas recebidas a t\u00edtulo de adicional noturno ou de adicional por servi\u00e7o extraordin\u00e1rio, para efeito de c\u00e1lculo do benef\u00edcio a ser concedido com fundamento legal no <a rel=\"noreferrer noopener\" aria-label=\"art. 40 da Constitui\u00e7\u00e3o Federal (abre em uma nova aba)\" href=\"http:\/\/www.planalto.gov.br\/ccivil_03\/constituicao\/Constituicao.htm#art40\" target=\"_blank\">art. 40 da Constitui\u00e7\u00e3o Federal<\/a> e no <a rel=\"noreferrer noopener\" aria-label=\"art. 2\u00ba da Emenda Constitucional n\u00ba41 (abre em uma nova aba)\" href=\"http:\/\/www.planalto.gov.br\/ccivil_03\/constituicao\/emendas\/emc\/emc41.htm#art2\" target=\"_blank\">art. 2\u00ba da Emenda Constitucional n\u00ba41<\/a>.<\/p>\n\n\n\n<h2 class=\"wp-block-heading\">Em que vale a pena contribuir?<\/h2>\n\n\n\n<ul><li>AUX\u00cdLIO-DOEN\u00c7A &#8211; Desde que tenha no m\u00ednimo 12 (doze) contribui\u00e7\u00f5es ininterruptas e mensais, o Aux\u00edlio-doen\u00e7a ter\u00e1 a inclus\u00e3o das parcelas optadas.<\/li><li> SAL\u00c1RIO-MATERNIDADE &#8211; Desde que tenha no m\u00ednimo 10 (dez) contribui\u00e7\u00f5es ininterruptas e mensais, o sal\u00e1rio-maternidade ter\u00e1 a inclus\u00e3o das parcelas optadas. <\/li><li>APOSENTADORIA &#8211; Somente ter\u00e1 direito de computar as parcelas optadas na base de c\u00e1lculo, os proventos de aposentadoria pela m\u00e9dia das \u00faltimas remunera\u00e7\u00f5es de que trata a <a rel=\"noreferrer noopener\" aria-label=\"Lei Federal n\u00b0 10887\/2004 (abre em uma nova aba)\" href=\"http:\/\/www.planalto.gov.br\/ccivil_03\/_Ato2004-2006\/2004\/Lei\/L10.887compilado.htm\" target=\"_blank\">Lei Federal n\u00b010.887\/2004<\/a>, e ainda a m\u00e9dia encontrada n\u00e3o poder\u00e1 superar a \u00faltima remunera\u00e7\u00e3o do cargo efetivo no ato da aposentadoria, <a rel=\"noreferrer noopener\" aria-label=\"conforme \u00a72\u00b0 do art. 40 da Constitui\u00e7\u00e3o Federal (abre em uma nova aba)\" href=\"http:\/\/www.planalto.gov.br\/ccivil_03\/constituicao\/Constituicao.htm#art40%C2%A72\" target=\"_blank\">conforme \u00a72\u00b0 do art. 40 da Constitui\u00e7\u00e3o Federal<\/a>.  <\/li><\/ul>\n\n\n\n<h2 class=\"wp-block-heading\">Modelo de Termo de op\u00e7\u00e3o de contribui\u00e7\u00e3o previdenci\u00e1ria<\/h2>\n\n\n\n<p><a href=\"http:\/\/ipasma.go.gov.br\/site\/wp-content\/uploads\/2019\/02\/termo-de-opcao.docx\" target=\"_blank\" rel=\"noreferrer noopener\" aria-label=\" (abre em uma nova aba)\">Clique aqui para baixar.<\/a><\/p>\n\n\n\n<h2 class=\"wp-block-heading\"><strong>Atualiza\u00e7\u00e3o (nov\/2019): <\/strong><\/h2>\n\n\n\n<blockquote class=\"wp-block-quote is-layout-flow wp-block-quote-is-layout-flow\"><p><em>Com a promulga\u00e7\u00e3o da Emenda Constitucional n\u00ba103\/2019, <strong>o servidor dever\u00e1 analisar se ainda compensa contribuir sobre as parcelas remunerat\u00f3rias,<\/strong> uma vez que ser\u00e1 revogado o disposto do<\/em> <br><a rel=\"noreferrer noopener\" href=\"http:\/\/www.planalto.gov.br\/ccivil_03\/constituicao\/emendas\/emc\/emc41.htm#art2\" target=\"_blank\">art. 2\u00ba da Emenda Constitucional n\u00ba41<\/a>.<em>.<\/em><\/p><\/blockquote>\n","protected":false},"excerpt":{"rendered":"<p>Legisla\u00e7\u00e3o Conforme disposto no art. 14 da&nbsp;Lei n\u00ba1.874\/2018, o servidor efetivo poder\u00e1 optar pela inclus\u00e3o, na base de c\u00e1lculo da contribui\u00e7\u00e3o, as parcelas remunerat\u00f3rias percebidas em decorr\u00eancia de local de trabalho e do exerc\u00edcio de cargo em comiss\u00e3o ou de fun\u00e7\u00e3o comissionada ou gratificada e daquelas recebidas a t\u00edtulo de adicional noturno ou de adicional [&hellip;]<\/p>\n","protected":false},"author":1,"featured_media":0,"parent":0,"menu_order":0,"comment_status":"closed","ping_status":"closed","template":"","meta":{"footnotes":""},"_links":{"self":[{"href":"http:\/\/ipasma.go.gov.br\/site\/wp-json\/wp\/v2\/pages\/423"}],"collection":[{"href":"http:\/\/ipasma.go.gov.br\/site\/wp-json\/wp\/v2\/pages"}],"about":[{"href":"http:\/\/ipasma.go.gov.br\/site\/wp-json\/wp\/v2\/types\/page"}],"author":[{"embeddable":true,"href":"http:\/\/ipasma.go.gov.br\/site\/wp-json\/wp\/v2\/users\/1"}],"replies":[{"embeddable":true,"href":"http:\/\/ipasma.go.gov.br\/site\/wp-json\/wp\/v2\/comments?post=423"}],"version-history":[{"count":8,"href":"http:\/\/ipasma.go.gov.br\/site\/wp-json\/wp\/v2\/pages\/423\/revisions"}],"predecessor-version":[{"id":654,"href":"http:\/\/ipasma.go.gov.br\/site\/wp-json\/wp\/v2\/pages\/423\/revisions\/654"}],"wp:attachment":[{"href":"http:\/\/ipasma.go.gov.br\/site\/wp-json\/wp\/v2\/media?parent=423"}],"curies":[{"name":"wp","href":"https:\/\/api.w.org\/{rel}","templated":true}]}}