{"id":91,"date":"2019-01-20T22:51:18","date_gmt":"2019-01-21T00:51:18","guid":{"rendered":"http:\/\/ipasma.go.gov.br\/site\/?page_id=91"},"modified":"2020-01-07T10:47:06","modified_gmt":"2020-01-07T13:47:06","slug":"pericias","status":"publish","type":"page","link":"http:\/\/ipasma.go.gov.br\/site\/pericias\/","title":{"rendered":"Agendamento de per\u00edcias"},"content":{"rendered":"\n<p><strong>ATUALIZA\u00c7\u00c3O: Com a promulga\u00e7\u00e3o e publica\u00e7\u00e3o da Emenda Constitucional n\u00ba103\/2019, em 13\/11\/2019, o IPASMA n\u00e3o \u00e9 mais respons\u00e1vel pelo pagamento dos aux\u00edlio-doen\u00e7a, sal\u00e1rio-fam\u00edlia, sal\u00e1rio-maternidade e aux\u00edlio-reclus\u00e3o. Estes ficar\u00e3o por conta do Munic\u00edpio. Dessa\u00a0forma\u00a0,\u00a0o\u00a0servidor\u00a0dever\u00e1\u00a0procurar\u00a0o departamento de RH do\u00a0munic\u00edpio\u00a0para\u00a0agendar\u00a0sua\u00a0per\u00edcia.<\/strong><\/p>\n\n\n\n<p>\n\nA per\u00edcia m\u00e9dica tem por finalidade avaliar e controlar os afastamentos por licen\u00e7a para tratamento de sa\u00fade, licen\u00e7a por acidente em servi\u00e7o e licen\u00e7a por doen\u00e7a profissional.\n\n<\/p>\n\n\n\n<p>Compare\u00e7a \u00e0 sede do IPASMA situada \u00e0 Av. Corumb\u00e1, Qd. 63C, Lotes 1 e 2 &#8211;  Centro, de segunda a sexta-feira, das 8h \u00e0s 11h30min e das 13h30min \u00e0s 17h, com os seguintes documentos para agendar sua per\u00edcia m\u00e9dica:<\/p>\n\n\n\n<ul><li><strong>Documentos pessoais<\/strong><\/li><li><strong>Atestado m\u00e9dico<\/strong><\/li><li><strong>\u00daltimo contra-cheque<\/strong><\/li><\/ul>\n","protected":false},"excerpt":{"rendered":"<p>ATUALIZA\u00c7\u00c3O: Com a promulga\u00e7\u00e3o e publica\u00e7\u00e3o da Emenda Constitucional n\u00ba103\/2019, em 13\/11\/2019, o IPASMA n\u00e3o \u00e9 mais respons\u00e1vel pelo pagamento dos aux\u00edlio-doen\u00e7a, sal\u00e1rio-fam\u00edlia, sal\u00e1rio-maternidade e aux\u00edlio-reclus\u00e3o. Estes ficar\u00e3o por conta do Munic\u00edpio. Dessa\u00a0forma\u00a0,\u00a0o\u00a0servidor\u00a0dever\u00e1\u00a0procurar\u00a0o departamento de RH do\u00a0munic\u00edpio\u00a0para\u00a0agendar\u00a0sua\u00a0per\u00edcia. A per\u00edcia m\u00e9dica tem por finalidade avaliar e controlar os afastamentos por licen\u00e7a para tratamento de sa\u00fade, licen\u00e7a [&hellip;]<\/p>\n","protected":false},"author":1,"featured_media":0,"parent":0,"menu_order":0,"comment_status":"closed","ping_status":"closed","template":"","meta":{"footnotes":""},"_links":{"self":[{"href":"http:\/\/ipasma.go.gov.br\/site\/wp-json\/wp\/v2\/pages\/91"}],"collection":[{"href":"http:\/\/ipasma.go.gov.br\/site\/wp-json\/wp\/v2\/pages"}],"about":[{"href":"http:\/\/ipasma.go.gov.br\/site\/wp-json\/wp\/v2\/types\/page"}],"author":[{"embeddable":true,"href":"http:\/\/ipasma.go.gov.br\/site\/wp-json\/wp\/v2\/users\/1"}],"replies":[{"embeddable":true,"href":"http:\/\/ipasma.go.gov.br\/site\/wp-json\/wp\/v2\/comments?post=91"}],"version-history":[{"count":6,"href":"http:\/\/ipasma.go.gov.br\/site\/wp-json\/wp\/v2\/pages\/91\/revisions"}],"predecessor-version":[{"id":672,"href":"http:\/\/ipasma.go.gov.br\/site\/wp-json\/wp\/v2\/pages\/91\/revisions\/672"}],"wp:attachment":[{"href":"http:\/\/ipasma.go.gov.br\/site\/wp-json\/wp\/v2\/media?parent=91"}],"curies":[{"name":"wp","href":"https:\/\/api.w.org\/{rel}","templated":true}]}}

Agendamento de perícias

<p><strong>ATUALIZAÇÃO: Com a promulgação e publicação da Emenda Constitucional nº103/2019, em 13/11/2019, o IPASMA não é mais responsável pelo pagamento dos auxílio-doença, salário-família, salário-maternidade e auxílio-reclusão. Estes ficarão por conta do Município. Dessa forma , o servidor deverá procurar o departamento de RH do município para agendar sua perícia.</strong></p>



<p>

A perícia médica tem por finalidade avaliar e controlar os afastamentos por licença para tratamento de saúde, licença por acidente em serviço e licença por doença profissional.

</p>



<p>Compareça à sede do IPASMA situada à Av. Corumbá, Qd. 63C, Lotes 1 e 2 &#8211;  Centro, de segunda a sexta-feira, das 8h às 11h30min e das 13h30min às 17h, com os seguintes documentos para agendar sua perícia médica:</p>



<ul><li><strong>Documentos pessoais</strong></li><li><strong>Atestado médico</strong></li><li><strong>Último contra-cheque</strong></li></ul>

<p>ATUALIZAÇÃO: Com a promulgação e publicação da Emenda Constitucional nº103/2019, em 13/11/2019, o IPASMA não é mais responsável pelo pagamento dos auxílio-doença, salário-família, salário-maternidade e auxílio-reclusão. Estes ficarão por conta do Município. Dessa forma , o servidor deverá procurar o departamento de RH do município para agendar sua perícia. A perícia médica tem por finalidade avaliar e controlar os afastamentos por licença para tratamento de saúde, licença [&hellip;]</p>
